n) = 2*n**2 + 3*n + 4. Let c be s(-1). Let d be y(c). Let t(l) = 2*l**2 + 6*l. Determine t(d).
8
Let q(b) = -2*b. Let s(x) = 2*x + 3. Let h be s(1). Suppose 5*l - 42 + 7 = 0. Let u = h - l. Calculate q(u).
4
Let m(h) = 2*h - 4*h**3 + 0 + 6*h**2 + 5*h**3 + 4. Suppose 0 = -4*i - i - 40. Let t = -14 - i. Calculate m(t).
-8
Let d(p) = -2*p**3 - 3*p**2 + 5*p + 8. Let i be d(-3). Let w(o) = 10 + i*o + 20*o - 39*o. Give w(-8).
2
Let a(f) = f**2 - 6*f + 4. Suppose 0 = 3*h - 9 - 6. Suppose h*r - 3*d - 2*d + 25 = 0, 4*r + 4 = -4*d. Let w be 2/(6/9) - r. What is a(w)?
4
Suppose 0 = -523*w + 512*w. Let o(i) be the second derivative of 1/3*i**4 + 1/6*i**3 + 0 + w*i**2 - 2*i. Determine o(-1).
3
Let t(j) = -j**3 - 19*j**2 - 19*j - 19. Let g(x) = 106*x + 88. Let h be g(-1). Give t(h).
-1
Let h(x) = x**3 + 6. Let o(d) = d**2 + d. Let r(b) = 3*b**2 - 5*b - 14. Let s(l) = 4*o(l) - r(l). Let f be s(-7). Determine h(f).
6
Suppose -84 = -8*c - 4*c. Let m(y) = 6 - 22 + 12 + c*y**2 + 5. Give m(1).
8
Suppose -4*t + 2*c + 26 = 0, 4*c + 17 + 5 = 3*t. Let b(s) = -4 - 44542*s + 44538*s + 10. What is b(t)?
-18
Let y(h) be the first derivative of 0*h**2 + h - 14 - 2*h**3 - 1/4*h**4. Suppose -3*m + 5*m - 16 = o, -5*o - 4*m - 10 = 0. What is y(o)?
1
Suppose 5*m - m - 35 = 3*u, 4*u + 40 = 4*m. Let x(g) be the third derivative of -g**6/120 - g**5/10 - g**4/24 + 7*g**3/6 + 26*g**2. Give x(u).
-13
Let o(r) = r**2 - 2*r - 30. Let p be o(-4). Let u(i) = i**2 + i - 6. Calculate u(p).
24
Suppose 5*r - 15 = -5*c, 5*r + 3*c - 24 = c. Let t be -7*(1*(4 - r) + 1). Let p(q) = -q**2 + 7*q + 2. Give p(t).
2
Let t(d) = 7925*d - d**2 - 7920*d + 0*d**2. What is t(4)?
4
Let x(y) be the first derivative of -y**2/2 + 45. Determine x(-9).
9
Let a = 23 + -17. Suppose -2*d - 6 = 0, 3*v + 0 = -4*d - a. Let c(u) = -16*u - 3*u**v + 2*u**2 + 2*u**2 + 20*u - 8. Give c(-6).
4
Let l(u) = 2*u - 37 + 5*u - u**2 + 31 + u. Let b = 6 - 3. Suppose 0 = a - 5*r - 15, -b*r = -0*a - 4*a + 26. What is l(a)?
9
Suppose -21 = 3*w + 3*n, -3*w + 43*n - 39*n - 35 = 0. Let u(r) = 4*r + 18. What is u(w)?
-18
Let i(m) = 14*m**3 - 2*m**2 + m. Let k(u) = 2*u**2 + 79*u - 39. Let p be k(-40). Give i(p).
13
Let u(g) be the third derivative of -g**6/120 + 5*g**4/24 - g**3/2 + 33*g**2 + 3*g. Calculate u(3).
-15
Let v(z) = 6*z + 1. Suppose 20 = -2*y + 6*y. Let a = 19 - 17. Suppose -a + 7 = -y*l. Calculate v(l).
-5
Let a(z) = -z + 4. Suppose -19*d = -18*d. Suppose m + d*m = 5. What is a(m)?
-1
Let y(h) be the second derivative of -h**5/20 + 5*h**4/4 - 2*h**3 - 15*h**2/2 - 107*h. Give y(14).
13
Let y be (0/2)/(-3)*1. Suppose 2*f - r - 2 - 1 = y, -3*r - 1 = 2*f. Let u(j) = -f - 1 + 5*j + 5. What is u(-2)?
-7
Let h(p) be the first derivative of p**7/840 - p**6/72 - p**5/40 + p**4/6 - 8*p**3/3 + 9. Let i(f) be the third derivative of h(f). Calculate i(5).
-11
Let y(f) be the third derivative of 0*f - 15*f**2 + 0*f**4 + 1/60*f**5 + 0 + 0*f**3. Determine y(2).
4
Let k(f) = -f**3 + 7*f**2 + f + 3. Suppose 13*n + c = 18*n - 31, 0 = 5*n + 5*c - 55. Calculate k(n).
10
Let g(q) = -q. Let w(v) be the third derivative of v**6/120 - v**5/60 - 7*v**4/24 + v**3/6 + v**2. Let d(r) = 6*g(r) - w(r). Let n = 35 - 33. What is d(n)?
-3
Let i(j) = -3*j + 4. Let h be (5*(-33)/(-110))/(2/(-4)). Determine i(h).
13
Let a = 2 + 1. Suppose 0 = -5*b + 3 + 22. Let f(r) = -8 + r + a*r - b*r. Determine f(-6).
-2
Suppose 31*p - 39*p - 48 = 0. Let o(x) = x. What is o(p)?
-6
Let c(k) = k**3 - 6*k**2 - 6*k - 6. Let m be c(7). Let i be (4/(-6))/((-22)/495). Let t(y) = -7 + 7*y - i + 22. Determine t(m).
7
Let s(g) = -3*g + 10. Let r be s(5). Let z(t) = -6*t - 4. Give z(r).
26
Let w(u) = 5*u + 29. Let f be w(-5). Let h(c) = -4*c + 4. Let z(y) = -y + 1. Let i(a) = 6*h(a) - 21*z(a). Determine i(f).
-9
Let k(x) = -3*x + 0*x + 6*x + 3*x + 6 + x**2. Let o be k(-2). Let n(j) = j**3 + 4*j**2 + 3*j. What is n(o)?
2
Let s(x) be the second derivative of x**3 - 4*x**2 + x. Suppose 77*w + 78 = 90*w. Calculate s(w).
28
Let n(q) = -q + 2. Let s(t) be the first derivative of -t**2/2 + 7*t - 6. Let z(g) = -2*n(g) + s(g). What is z(5)?
8
Let m(g) = -g**3 - 5*g**2 - 4*g + 3. Let k(z) = -z - 10. Let c = 21 - 31. Let l be k(c). Suppose -4 = -l*b + b. Determine m(b).
3
Suppose -40 = 163*g - 167*g. Let x(u) = -u**2 + 9*u + 13. Calculate x(g).
3
Let u(r) = -r**3 - r**2 - 4*r - 6. Let y(t) = -2*t**3 - 3*t**2 - 7*t - 11. Let s(h) = 5*u(h) - 3*y(h). Determine s(-4).
-1
Let a = 14 + -11. Let h(x) = 9*x + 5 - 7*x - 5*x - 6*x**2 + x**3 - 2*x**a. Give h(-5).
-5
Let r(b) = 5*b + 16*b - 2 + 2 - 20*b. Let g be 0/(2 - (-2 - -3)). What is r(g)?
0
Let g(c) be the first derivative of 7 - 8*c + 1/4*c**4 + 0*c**3 - 1/2*c**2. Let s be 2 + (-2 - 0/1). What is g(s)?
-8
Let l(v) be the first derivative of -v**3/3 - 5*v**2/2 + 21. Calculate l(-3).
6
Let g(b) = -42*b + 458. Let o be g(11). Let u(t) = -2*t + 6. Calculate u(o).
14
Let n(y) = -y - y - 96 + 67. Calculate n(-12).
-5
Suppose -7*q + 16 = -3*q. Let v(l) = 5*l**3 + 3*l**2 + l + 9. Let j(y) = -y**3 - y**2 + 1. Let s(p) = q*j(p) + v(p). What is s(0)?
13
Let x(l) = 5*l**2 + l - 1. Let o(b) = 6*b**2 + 2*b - 1. Let i(z) = 4*o(z) - 5*x(z). Let t be (0 + 2)*6/(-2). Let y be (t/8)/(1/(-4)). What is i(y)?
1
Let o(b) = 2*b**3 + 2*b**2 - b. Let s = 7 - 6. Let f(y) = -3*y - 2*y + s + 4*y - 7. Let r be f(-4). Give o(r).
-6
Let a(f) = -2*f - 3. Let b(q) = 2*q - 1. Let w(j) = -a(j) + 4*b(j). Give w(2).
19
Let f(k) be the second derivative of 5*k**3/6 - k**2/2 + k. Let p be 3 - (0 + 3 - 5). Suppose -p = -3*z - 2. Calculate f(z).
4
Let f(u) = u**2 + 5*u + 8. Let c be (-3)/(-2 - 4/56*-31). Let n(h) = h**3 + 15*h**2 + 18*h + 49. Let q be n(c). Give f(q).
22
Let h(q) = -q**3 + q**2 + q - 35. Let i be ((-33)/3 - -8) + 1*3. Calculate h(i).
-35
Let s(c) = -c**3 - 13. Let w be s(0). Let l = w - -20. Let m(v) be the second derivative of -v**4/12 + 4*v**3/3 - 7*v**2/2 + 32*v. Determine m(l).
0
Let d(s) = 23*s**2 - 2*s - 1. Let f(z) = -29*z**2 + 2*z + 1. Let n(q) = -6*d(q) - 5*f(q). What is n(-1)?
6
Let u(c) = 1 - 407*c**3 - c**2 + 425*c**3 + 4*c - 4*c. Calculate u(1).
18
Let r(a) = -37 - 24*a + 10*a + a**2 + a + 10*a + 8*a. Determine r(4).
-1
Let r(q) be the second derivative of -7*q**3/6 + 5*q**2/2 + 8*q + 1. What is r(6)?
-37
Suppose 7*j + 0 = 14. Suppose 5 + 5 = j*c, -3*n = c - 2. Let l(m) = 8*m - 1. Let a(d) = -39*d + 6. Let o(k) = -2*a(k) - 11*l(k). What is o(n)?
9
Let y(j) = -21*j + 34. Let w be y(2). Let d(o) = -o**2 - 10*o - 12. Calculate d(w).
4
Let t(w) be the third derivative of -w**5/60 + w**4/8 + 5*w**3/6 + 12*w**2. Calculate t(6).
-13
Suppose -5*r + 25 = -0. Let m be ((-16)/(-2))/(r - 3). Let a(o) = -o + 3. Determine a(m).
-1
Let j(k) = k**3 - 2. Let c(i) = 3*i**3 - 2*i**2 + i - 8. Let v(p) = c(p) - 4*j(p). Give v(-3).
6
Let k(a) = a. Let w(c) = 0 - 2 + 0. Let u(m) = 5*k(m) - w(m). What is u(-2)?
-8
Let z(d) = 2*d**3 + 556 + 3*d**2 + 2*d - 558 - 3*d. Determine z(-2).
-4
Let q be (3/5)/(3/15). Suppose -1 = q*f - 10. Let j(v) = 2 + 8*v - 4 + 0*v**2 + v**3 - f*v**2 - 4*v**2. Determine j(6).
10
Let n = -49 - -59. Let j(p) = -19*p**2 + 36*p**2 - 9 - n*p - 18*p**2. What is j(-6)?
15
Suppose -5940*a + 40 = -5945*a. Let g(c) = -c**2 - 9*c + 19. Determine g(a).
27
Let d(r) = -r**2 + r - 2. Let h = -53 - -81. Let k = -26 + h. Calculate d(k).
-4
Let m(y) = 28*y**2 - 4*y + 4. Let n be m(1). Let j = n - 23. Let d(z) = -z**2 + 8*z - 7. What is d(j)?
8
Let g = 4873/24 + -203. Let n(v) be the third derivative of g*v**4 + 0 + 6*v**2 - 1/6*v**3 + 0*v. What is n(-1)?
-2
Let r(s) = -3*s - 4. Let v be (9 - 1) + (12 - 8). Let p = 8 - v. Determine r(p).
8
Let p(j) = 0 - 2 + 5*j + 0*j**3 - 1 - j**3 + 4*j**2. Determine p(4).
17
Let s be 9*(2/5 + (-2)/30). Let v(a) be the first derivative of a**2 + 2 - a - 2/3*a**s. Give v(2).
-5
Let z = -62 - -72. Suppose -2*d + 10 = -2*j, j + 7*d = 3*d - z. Let y(c) = -c**2 - 9*c - 1. Calculate y(j).
17
Let b(m) = -13*m + 7. Let t(x) = 6*x - 3. Let c(f) = 4*b(f) + 9*t(f). Suppose -4*y - 2 = 2*v, 3 - 2 = v. Calculate c(y).
-1
Let t = -459 + 467. Let q(s) = 3*s - 14. Give q(t).
10
Suppose 5*v + 0*q + 19 = 2*q, 2*v + 25 = -5*q. Let w = -3 - -5. Let h(r) = -r**3 - 2 - 5*r**w + 4*r + r**2 - 5. Determine h(v).
-2
Let a(q) = -3 - 5*q + 7 - q + 2*q. Give a(6).
-20
